) in base 4?
-231123
What is -3194 (base 10) in base 13?
-15b9
What is 539 (base 12) in base 11?
636
Convert 103630 (base 7) to base 6.
220011
Convert -8ac0 (base 14) to base 15.
-7205
What is -10441 (base 6) in base 4?
-112321
Convert 1120133 (base 6) to base 14.
16b33
268 (base 14) to base 10
484
What is -1b7 (base 16) in base 8?
-667
Convert -221002 (base 3) to base 7.
-1655
What is 314222 (base 5) in base 13?
4a66
What is -122112011 (base 3) in base 5?
-402100
What is -26238 (base 10) in base 9?
-38883
Convert -10011100101 (base 2) to base 10.
-1253
What is -13145 (base 6) in base 5?
-31014
Convert 1010110 (base 3) to base 15.
39c
12110 (base 4) to base 10
404
What is -321004 (base 5) in base 7?
-43232
What is -2150 (base 10) in base 7?
-6161
What is 2171 (base 16) in base 11?
6483
1022032 (base 5) to base 3
212111220
13013320 (base 4) to base 6
343024
What is -11110100 (base 3) in base 11?
-2494
314121 (base 6) to base 4
12033001
22a (base 15) to base 14
270
Convert e2b (base 16) to base 12.
2123
Convert -1202112120 (base 3) to base 16.
-8760
139 (base 13) to base 2
11011001
Convert 1a (base 13) to base 12.
1b
What is 4d39 (base 16) in base 15?
5cce
Convert -1575 (base 8) to base 2.
-1101111101
-7476 (base 8) to base 4
-330332
What is -5050 (base 13) in base 2?
-10101100101010
23ee (base 15) to base 11
5824
What is -1b9c (base 13) in base 14?
-174d
-3a38 (base 13) to base 16
-2088
What is -100030 (base 4) in base 7?
-3010
Convert 2341440 (base 5) to base 3.
2012111022
What is 1101111111100 (base 2) in base 5?
212124
Convert 64 (base 15) to base 12.
7a
-5c4 (base 13) to base 2
-1111101101
1112001012 (base 3) to base 6
350305
3212 (base 6) to base 5
10403
What is -1001010011 (base 2) in base 6?
-2431
-11010110111 (base 2) to base 11
-1323
Convert 4b58 (base 12) to base 4.
2011310
What is 235002 (base 6) in base 13?
9458
Convert 149 (base 12) to base 9.
243
What is -1724 (base 10) in base 13?
-a28
What is 361 (base 8) in base 13?
157
Convert 22001012 (base 3) to base 9.
8035
What is -32a7 (base 11) in base 4?
-1010000
Convert -25897 (base 10) to base 2.
-110010100101001
742 (base 14) to base 13
860
202022 (base 4) to base 11
1708
36524 (base 7) to base 11
7179
What is 103213 (base 6) in base 3?
102200000
-2382 (base 15) to base 16
-1d7b
What is -16768 (base 12) in base 6?
-405012
6792 (base 11) to base 3
110020220
-51a (base 11) to base 4
-21302
-32464 (base 9) to base 12
-10557
Convert 1fd (base 16) to base 10.
509
-1014 (base 8) to base 14
-296
What is -112 (base 8) in base 7?
-134
-150000 (base 6) to base 9
-21500
-a74 (base 11) to base 3
-1202211
231 (base 14) to base 9
533
What is 131002 (base 6) in base 16?
2e6a
Convert -694 (base 14) to base 6.
-10014
445 (base 10) to base 14
23b
-7104 (base 10) to base 16
-1bc0
-214055 (base 7) to base 15
-b152
Convert 110011100000 (base 2) to base 12.
1aa8
What is 12 (base 3) in base 2?
101
What is 5504 (base 7) in base 10?
1964
Convert 2332 (base 4) to base 11.
163
What is -1225 (base 6) in base 16?
-131
What is 102012210 (base 3) in base 16?
1fef
What is -16475 (base 8) in base 14?
-2a29
What is -2002020 (base 3) in base 16?
-5ee
134423 (base 5) to base 8
12755
What is 102550 (base 6) in base 7?
33354
-929 (base 10) to base 8
-1641
Convert -1133 (base 4) to base 12.
-7b
-63676 (base 8) to base 12
-13452
Convert 4515 (base 6) to base 12.
73b
52741 (base 10) to base 6
1044101
Convert -754 (base 10) to base 14.
-3bc
What is -1a55 (base 16) in base 12?
-3a99
Convert 7212 (base 8) to base 5.
104342
What is 223004 (base 5) in base 8?
17307
Convert -1537 (base 13) to base 5.
-44323
What is -221220201 (base 3) in base 5?
-1101032
-1302122 (base 5) to base 4
-12023013
-1041 (base 5) to base 9
-172
-16246 (base 7) to base 16
-11ef
-199 (base 10) to base 5
-1244
-31138 (base 10) to base 8
-74642
Convert 126665 (base 7) to base 13.
ac0a
1111101111 (base 2) to base 5
13012
What is -110100111 (base 2) in base 15?
-1d3
Convert -24553 (base 6) to base 12.
-2159
-cc2 (base 15) to base 2
-101101000010
Convert 840f (base 16) to base 13.
12507
What is 250 (base 14) in base 7?
1230
-1254 (base 13) to base 6
-20020
What is -1626 (base 8) in base 13?
-558
What is -173 (base 9) in base 4?
-2103
What is 50331 (base 6) in base 7?
25156
Convert 23543 (base 6) to base 9.
4650
What is 363 (base 13) in base 12?
410
-14443 (base 5) to base 10
-1248
What is -11000010 (base 2) in base 8?
-302
1775 (base 9) to base 12
958
Convert -135200 (base 6) to base 11.
-96a1
Convert -101010001 (base 2) to base 4.
-11101
-7167 (base 8) to base 2
-111001110111
-1010120 (base 3) to base 15
-3a0
Convert -1821 (base 10) to base 3.
-2111110
What is -132e (base 15) in base 3?
-12121122
What is -486 (base 9) in base 14?
-20a
What is 24400 (base 5) in base 14?
962
7ef (base 16) to base 4
133233
What is -30123 (base 4) in base 15?
-380
Convert 11200 (base 5) to base 3.
1002122
What is 252e (base 15) in base 6?
100355
-11011001 (base 2) to base 16
-d9
-2011200000 (base 3) to base 5
-2332033
What is 12e22 (base 15) in base 5?
3414212
Convert -2002 (base 5) to base 15.
-11c
What is 1561 (base 7) in base 2?
1001110111
What is 2082 (base 10) in base 8?
4042
Convert -1112100002 (base 3) to base 4.
-13112312
What is -15897 (base 10) in base 2?
-11111000011001
Convert -831 (base 14) to base 10.
-1611
Convert -1101010001101 (base 2) to base 13.
-312b
Convert -19bb7 (base 12) to base 2.
-1001010001111011
Convert -310 (base 7) to base 2.
-10011010
15ea (base 16) to base 7
22233
-303432 (base 6) to base 2
-101111001001100
What is -6a5 (base 15) in base 5?
-22010
-2964 (base 14) to base 16
-1cac
10 (base 7) to base 8
7
Convert 2064 (base 7) to base 15.
33c
2093 (base 14) to base 7
22243
Convert 60837 (base 10) to base 12.
2b259
What is 200000 (base 3) in base 16?
1e6
20010 (base 3) to base 9
203
Convert 12010 (base 4) to base 9.
471
What is 345 (base 14) in base 16?
289
What is -34a (base 15) in base 16?
-2e9
-37a9 (base 11) to base 4
-1031133
What is -735 (base 12) in base 7?
-3026
What is -7422 (base 14) in base 9?
-30416
1001101010 (base 2) to base 7
1542
330 (base 9) to base 4
10032
14c (base 13) to base 16
e9
-30301 (base 6) to base 11
-3004
-12121 (base 4) to base 2
-110011001
What is -3203232 (base 4) in base 10?
-14574
-e7 (base 15) to base 2
-11011001
What is -a3a (base 14) in base 3?
-2202112
-214214 (base 5) to base 12
-4376
What is 58 (base 14) in base 16?
4e
Convert f48 (base 16) to base 14.
15d6
4563 (base 10) to base 2
1000111010011
What is 5723 (base 9) in base 13?
1c08
Convert -2 (base 11) to base 10.
-2
-1110111101 (base 2) to base 10
-957
Convert 3133 (base 5) to base 8.
642
Convert 220064 (base 7) to base 10.
38462
-12 (base 6) to base 2
-1000
Convert aaa (base 12) to base 10.
1570
-7c57 (base 16) to base 10
-31831
-1112 (base 8) to base 3
-210201
300 (base 16) to base 9
1043
What is -905 (base 14) in base 6?
-12105
What is 13827 (base 13) in base 14?
d45b
13001 (base 5) to base 2
1111101001
Convert -40148 (base 9) to base 10.
-26369
924 (base 11) to base 13
67a
22002 (base 3) to base 12
162
What is 12131 (base 5) in base 16?
394
Convert -986 (base 10) to base 7.
-2606
Convert -1011012121 (base 3) to base 2.
-101100011011110
What is 1333 (base 9) in base 11?
831
Convert 11010111101000 (base 2) to base 15.
4150
Convert 11010110 (base 2) to base 7.
424
11db (base 15) to base 8
7336
Convert -431130 (base 5) to base 14.
-5428
What is -201212012 (base 3) in base 14?
-53c1
3511 (base 7) to base 4
110002
What is -141313 (base 5) in base 10?
-5833
Convert -230321 (base 4) to base 14.
-1093
26000 (base 11) to base 7
213440
What is -332d (base 15) in base 8?
-25133
-4243 (base 7) to base 10
-1501
What is 1101001001 (base 2) in base 5?
11331
What is -721 (base 14) in base 12?
-989
-23a (base 16) to base 3
-210010
What is 16657 (base 11) in base 16?
5b77
-15322 (base 6) to base 16
-9c2
Convert 284 (base 14) to base 6.
2204
What is 13550 (base 14) in base 13?
18931
Convert 237 (base 12) to base 14.
199
What is -9484 (base 14) in base 6?
-314300
10011010111 (base 2) to base 12
873
Convert -ad78 (base 15) to base 2.
-1000111110110100
Convert 6971 (base 10) to base 3.
100120012
1233332 (base 4) to base 2
1101111111110
Convert -20 (base 3) to base 13.
-6
C